5.
5, 449
List the prime factors of 1524.
2, 3, 127
What are the prime factors of 110279?
13, 17, 499
List the prime factors of 734.
2, 367
List the prime factors of 2027.
2027
List the prime factors of 988.
2, 13, 19
List the prime factors of 74642.
2, 37321
List the prime factors of 20181.
3, 7, 31
What are the prime factors of 77006?
2, 139, 277
What are the prime factors of 1678?
2, 839
List the prime factors of 80.
2, 5
List the prime factors of 44359.
7, 6337
What are the prime factors of 29095?
5, 11, 23
What are the prime factors of 1465?
5, 293
List the prime factors of 1959.
3, 653
What are the prime factors of 2326?
2, 1163
List the prime factors of 8373.
3, 2791
List the prime factors of 312.
2, 3, 13
List the prime factors of 7610.
2, 5, 761
List the prime factors of 5254.
2, 37, 71
What are the prime factors of 4993?
4993
List the prime factors of 36761.
36761
What are the prime factors of 65104?
2, 13, 313
List the prime factors of 67061.
67061
List the prime factors of 119280.
2, 3, 5, 7, 71
List the prime factors of 6035.
5, 17, 71
List the prime factors of 9873.
3, 1097
What are the prime factors of 537?
3, 179
List the prime factors of 4243.
4243
What are the prime factors of 11233?
47, 239
What are the prime factors of 112968?
2, 3, 523
What are the prime factors of 302?
2, 151
List the prime factors of 7356.
2, 3, 613
What are the prime factors of 24549?
3, 7, 167
What are the prime factors of 2553?
3, 23, 37
What are the prime factors of 14061?
3, 43, 109
List the prime factors of 267.
3, 89
List the prime factors of 894.
2, 3, 149
List the prime factors of 11404.
2, 2851
What are the prime factors of 60407?
29, 2083
List the prime factors of 4181.
37, 113
List the prime factors of 130546.
2, 13, 5021
What are the prime factors of 2469?
3, 823
What are the prime factors of 1059?
3, 353
What are the prime factors of 2552?
2, 11, 29
What are the prime factors of 1947?
3, 11, 59
List the prime factors of 2167.
11, 197
List the prime factors of 40255.
5, 83, 97
What are the prime factors of 10579?
71, 149
List the prime factors of 40734.
2, 3, 31, 73
List the prime factors of 27504.
2, 3, 191
What are the prime factors of 55904?
2, 1747
What are the prime factors of 2715?
3, 5, 181
List the prime factors of 67307.
67307
What are the prime factors of 1919?
19, 101
What are the prime factors of 594?
2, 3, 11
List the prime factors of 2446.
2, 1223
What are the prime factors of 597?
3, 199
List the prime factors of 703.
19, 37
What are the prime factors of 11432?
2, 1429
List the prime factors of 4054.
2, 2027
List the prime factors of 682.
2, 11, 31
What are the prime factors of 1157?
13, 89
What are the prime factors of 810?
2, 3, 5
What are the prime factors of 764?
2, 191
What are the prime factors of 2794?
2, 11, 127
What are the prime factors of 247?
13, 19
What are the prime factors of 31191?
3, 37, 281
What are the prime factors of 7327?
17, 431
List the prime factors of 1713.
3, 571
List the prime factors of 25463.
25463
List the prime factors of 47.
47
What are the prime factors of 134?
2, 67
List the prime factors of 1289.
1289
What are the prime factors of 930?
2, 3, 5, 31
List the prime factors of 2406.
2, 3, 401
What are the prime factors of 5684?
2, 7, 29
List the prime factors of 3534.
2, 3, 19, 31
List the prime factors of 21119.
7, 431
What are the prime factors of 7581?
3, 7, 19
What are the prime factors of 34430?
2, 5, 11, 313
List the prime factors of 205.
5, 41
List the prime factors of 6318.
2, 3, 13
What are the prime factors of 1252?
2, 313
List the prime factors of 2066.
2, 1033
List the prime factors of 2297.
2297
What are the prime factors of 15728?
2, 983
What are the prime factors of 510?
2, 3, 5, 17
List the prime factors of 114832.
2, 7177
What are the prime factors of 41?
41
List the prime factors of 64826.
2, 32413
What are the prime factors of 76875?
3, 5, 41
List the prime factors of 6588.
2, 3, 61
What are the prime factors of 36638?
2, 7, 2617
What are the prime factors of 14476?
2, 7, 11, 47
List the prime factors of 13678.
2, 7, 977
What are the prime factors of 20021?
20021
List the prime factors of 9950.
2, 5, 199
List the prime factors of 209.
11, 19
List the prime factors of 103856.
2, 6491
What are the prime factors of 1897?
7, 271
List the prime factors of 43550.
2, 5, 13, 67
List the prime factors of 3636.
2, 3, 101
List the prime factors of 257.
257
What are the prime factors of 325?
5, 13
What are the prime factors of 1235?
5, 13, 19
What are the prime factors of 10130?
2, 5, 1013
List the prime factors of 96669.
3, 23, 467
List the prime factors of 98.
2, 7
What are the prime factors of 19236?
2, 3, 7, 229
What are the prime factors of 98430?
2, 3, 5, 17, 193
List the prime factors of 230.
2, 5, 23
What are the prime factors of 2059?
29, 71
What are the prime factors of 103537?
7, 2113
What are the prime factors of 1525?
5, 61
List the prime factors of 88205.
5, 13, 23, 59
List the prime factors of 1396.
2, 349
List the prime factors of 151615.
5, 30323
What are the prime factors of 23079?
3, 7, 157
List the prime factors of 15699.
3, 5233
What are the prime factors of 118692?
2, 3, 7, 157
List the prime factors of 1337.
7, 191
What are the prime factors of 152293?
152293
What are the prime factors of 34757?
34757
List the prime factors of 1003.
17, 59
What are the prime factors of 8330?
2, 5, 7, 17
What are the prime factors of 2064?
2, 3, 43
List the prime factors of 1123.
1123
What are the prime factors of 62728?
2, 7841
What are the prime factors of 6973?
19, 367
What are the prime factors of 2510?
2, 5, 251
What are the prime factors of 29139?
3, 11, 883
List the prime factors of 24419.
24419
What are the prime factors of 17439?
3, 5813
What are the prime factors of 1517?
37, 41
List the prime factors of 1495.
5, 13, 23
List the prime factors of 2051.
7, 293
What are the prime factors of 485?
5, 97
What are the prime factors of 7491?
3, 11, 227
List the prime factors of 314.
2, 157
What are the prime factors of 1436?
2, 359
List the prime factors of 118645.
5, 61, 389
What are the prime factors of 10579?
71, 149
List the prime factors of 47.
47
List the prime factors of 98614.
2, 49307
What are the prime factors of 775?
5, 31
What are the prime factors of 760?
2, 5, 19
What are the prime factors of 63559?
63559
What are the prime factors of 3494?
2, 1747
What are the prime factors of 4679?
4679
List the prime factors of 452.
2, 113
List the prime factors of 6854.
2, 23, 149
List the prime factors of 831.
3, 277
List the prime factors of 10745.
5, 7, 307
What are the prime factors of 511?
7, 73
What are the prime factors of 2867?
47, 61
What are the prime factors of 23240?
2, 5, 7, 83
List the prime factors of 113277.
3, 61, 619
What are the prime factors of 11294?
2, 5647
List the prime factors of 1032.
2, 3, 43
List the prime factors of 816.
2, 3, 17
What are the prime factors of 9784?
2, 1223
List the prime factors of 11794.
2, 5897
List the prime factors of 1627.
1627
What are the prime factors of 2541?
3, 7, 11
What are the prime factors of 2217?
3, 739
List the prime factors of 3282.
2, 3, 547
List the prime factors of 3824.
2, 239
List the prime factors of 1903.
11, 173
What are the prime factors of 53348?
2, 13337
What are the prime factors of 9776?
2, 13, 47
What are the prime factors of 6852?
2, 3, 571
What are the prime factors of 2809?
53
What are the prime factors of 5623?
5623
List the prime factors of 129.
3, 43
List the prime factors of 3874.
2, 13, 149
What are the prime factors of 281?
281
List the prime factors of 1511.
1511
What are the prime factors of 27728?
2, 1733
List the prime factors of 622.
2, 311
What are the prime factors of 4924?
2, 1231
What are the prime factors of 4816?
2, 7, 43
List the prime factors of 157.
157
What are the prime factors of 896?
2, 7
What are the prime factors of 31565?
5, 59, 107
What are the prime factors of 418?
2, 11, 19
List the prime factors of 53005.
5, 10601
What are the prime factors of 31929?
3, 29, 367
List the prime factors of 3791.
17, 223
List the prime factors of 69590.
2, 5, 6959
What are the prime factors of 933?
3, 311
List the prime factors of 16244.
2, 31, 131
What are the prime factors of 2025?
3,